0 - -32)?
0
What is the value of (-34 + 53 - 25) + (-2 - -11) - (-61 + -11)?
75
-2357 + 2350 - (-39 - (3 - 4 - 4))
27
(12 - (23 + -9 + -33)) + -89
-58
-14 + -8 + -7 + 23 + 2 - (-5 - 3)
4
-7 - (-28 + 172 + -98)
-53
77 + -142 + 118 - 81
-28
Evaluate -54 + (-32 - -93) - (2 + 15).
-10
What is the value of (5 - (2 - 3)) + (-7 - (9 - -31 - 11))?
-30
Evaluate 126 + (-28 + 4 - (241 + -227)).
88
Evaluate -1 + 0 + -1 + -4 + (5 - (-8 + 22)).
-15
What is the value of -55 + -11 - 7 - -12 - ((-2 - -2) + 0)?
-61
What is 7 - (-23 - (-69 + 31))?
-8
(3 - -54) + (-213 - -184)
28
What is -55 - (6 + (-23 + 38 - 41))?
-35
Evaluate (2 - 4) + -36 - (-40 - -69 - 25).
-42
Evaluate 6 + (-1 - -33) + (-24 + 19 + -15 - -17).
35
What is the value of 3 + 0 + (10 - 0) - 5 - (11 + 0)?
-3
What is the value of -93 + 65 + 0 + 93?
65
Calculate -11 + (-5 - 1) + (-7 - -35 - 31) + 18.
-2
Evaluate 1 + 8 - ((-25 - -10 - -12) + 39).
-27
What is the value of (20 - 2) + -2 - (14 + (86 - 17))?
-67
Calculate 92 + -112 + 3 + -10 - (-4 + -4 + 5).
-24
Evaluate 7 + 1 + -5 + 7 + -20 + -64.
-74
Calculate 5 + -10 + 13 - (14 - 15) - 21.
-12
Calculate -106 + (-2 - -28) - -40.
-40
Calculate (40 - (-7 + 8 - -9)) + 13.
43
Calculate -6 - ((0 - 34) + 269 + -278 - -9).
28
Calculate (130 - -11) + 16 + -40 + -10.
107
(-20 - -34) + (-10 + 17 - (1 + -5))
25
Calculate -44 - (-21 + 4 + 5) - (-9 - 0).
-23
What is 1 - -24 - (518 + -463)?
-30
Calculate 42 + (-49 - -55) - 57.
-9
Evaluate (-3237 - -3227) + -2 + -19 + 2.
-29
What is the value of 0 + 14 + -10 + 166 + -157?
13
What is -3 + 7 + 29 - -3 - (1469 + -1468)?
35
Calculate 7 + 0 + 56 + -59 + 11 + 9 + -22.
2
Evaluate -12 + 1 + 53 + 2 + 2 - -10.
56
Evaluate (7 - 1) + (-79 + 45 - (-5 + -20)) - 43.
-46
What is -49 + 39 + (14 - 22 - (-4 + 76))?
-90
Calculate (19 - (4 - -9)) + -2 + 4 + 41.
49
What is the value of (-24 - -1) + (67 - 119 - -64)?
-11
Calculate 65 + 2 + -1 + (-37 - (-95 - -47)).
77
What is 29 + -8 + 18 + 101 + -122?
18
Evaluate 4 + -2 - (418 - 430).
14
Evaluate (5 - 1) + -23 + 681 + -611.
51
What is (-11 - -10) + -4 + 23 - (0 - -13)?
5
What is the value of (68 - -21) + (4 - 46)?
47
What is -30 + (-19 - (-19 - -3) - -7)?
-26
Calculate -11 + ((-6 + 18 - 5 - -8) + 1 - -9).
14
Evaluate -8 - (-12 + (2 - (36 - (6 - 5)))).
37
-36 - (5 + 5 - 36)
-10
What is 12 + -13 + -5 + 21 + -72 + 0 + -1?
-58
What is the value of -408 + 237 + 221 - (-1 + 0 + -16)?
67
-2 + 32 + (20 - 19)
31
What is the value of 48 + (-19 - 19) - 10?
0
Evaluate 1 + -24 + (181 - (140 - -31)).
-13
Evaluate -3 - 13 - -44 - 61.
-33
What is -19 + (-4 - -79 - (0 + 8))?
48
Evaluate 15 - 1 - ((-3 - (24 - 20)) + -44).
65
Evaluate 1 + -6 - (-84 + (30 - 3) - (12 + 7)).
71
What is the value of -115 + 177 - (18 + (2 - 2))?
44
27 - (10 + (19 - 32))
30
Calculate (-2 - (7 + -5)) + 7 - (-165 - -192).
-24
Calculate 12 + (-87 - 31) - -45 - (0 - 16).
-45
(39 - 5) + -23 + 3 - -6
20
Evaluate 8 - (32 + 36 + 65 + -23).
-102
-8 - (4 + (11 - 14)) - (-27 - -3)
15
What is the value of 16 - -5 - 10 - 10 - 25?
-24
What is 11 - 25 - (43 + (-63 - 87))?
93
Calculate 15 + (-80 + (286 - 215) - (0 - (12 + -1))).
17
Evaluate -37 + 47 + (-10 - (5 + 0 + -6) - 7).
-6
Evaluate 100 + -90 - (-3 - (0 + (4 - 0))).
17
What is (-81 - -74) + 0 + 8 - (-66 - -2)?
65
27 + 3 + 2 - (-18 - (-7 + -5))
38
What is -15 + 40 - 13 - (17 + -20)?
15
-34 + 15 + 29 - (0 - (7 + 1) - -24)
-6
Calculate -18 - (110 + -118 + (-1 - -31)).
-40
What is 0 + (6 - -1) + -73 + -36 + 86 + -46?
-62
What is (-44 - (-39 + 21)) + -74 - -27?
-73
-35 - (-48 + -29 + 38) - (0 + -53)
57
What is the value of -1 - 13 - ((-29 - -8) + 13 + (7 - 2))?
-11
-2 - (-102 - -6) - (-1192 - -1204)
82
-39 + 20 - ((1 - 9) + (-33 - -23))
-1
Calculate (103 - 117) + (-82 - -8).
-88
-8 - (-1 + -16 - (-133 - -188))
64
18 + 6 - (-13 + 75)
-38
Calculate 36 + -2 - (-769 - -756).
47
What is -108 + -33 + 125 + 7?
-9
What is the value of (-3 - 46) + 118 - -6?
75
19 + -3 + (1 - (-8 - -23)) + 16
18
What is (25 - (-42 - -13)) + (-4 + (6 - 1) - 1)?
54
86 - ((-125 - -69) + 110)
32
What is the value of 1 + 1 + 4 + (-59 - (-57 + 31))?
-27
-97 + -6 + 0 + (42 - 51)
-112
Evaluate 7 - (-74 + 56) - 47.
-22
Evaluate (4 - -72) + -63 + -80.
-67
What is the value of 1 + -10 + 4 + (-5 + 16 - 55)?
-49
What is the value of 1 + -60 + -3 + 29 + (8 - 22) + -1?
-48
Calculate -5 - (1 + -10 + 5 + 19 + -33).
13
Evaluate 52 + -63 + 18 + 1.
8
Calculate 16 + -7 + 0 + 0 + (-12 - (3 + -6)).
0
What is the value of (-13 - -8) + -11 + 10 - (-3 + 5 + 16)?
-24
What is the value of 6 + ((6 - 6) + 10 - 61) + -15 + 16?
-44
Calculate 9 - 1 - (45 - (-84 - -114)).
-7
What is the value of -21 + (-8 - -37) + 6 + 0 + -3?
11
Calculate 26 + (49 - 94) + 107.
88
What is the value of 0 - 6 - (-103 - (123 - 220))?
0
What is -13 + 0 + -27 + -6 + 5 + 29 + -28?
-40
What is (-3 - -80) + 524 + -673?
-72
Evaluate (-7 - -29) + -50 + 83 + -51 + 128 + 0.
132
Evaluate -9 + -3 - (-41 - (-33 - 7)).
-11
What is the value of 55 + (-8 - 2) - (7 - (2 + -7))?
33
Evaluate 0 - 20 - (-6 + -30 + 22).
-6
-1 + 49 + -262 + 271 + -14
43
Calculate 13 + 128 + -119 + (-1 - 1 - -2).
22
Calculate (-2 - -1) + -117 - (-3 - 0) - (2179 - 2165).
-129
Evaluate 268 + -242 + -5 + -6 + -37.
-22
What is the value of 9 + (-52 - (-18 - (-10 + 3) - -1))?
-33
What is (-54 + 23 - -16) + 4 + 48?
37
-20 + (1 - -17) - (0 - -3) - (-49 - -6)
38
What is 4 + 7 + -10 + -4 + -2 + -8?
-13
What is -96 - ((-13 - 2) + (54 - 94) + 38)?
-79
(33 - 39 - (10 - 2)) + 17 + -43 + -2
-42
Calculate 68 - (11 - (-55 + 49)).
51
Evaluate -62 + 0 + -2 + (-8 - 16 - (239 - 257)).
-70
What is (45 - (19 - -33)) + -4?
-11
What is the value of -13 + (-5 - (2 - 17)) + (4 - 9) - -119?
111
-5 + -4 + 19 + -8 + -11
-9
Evaluate -1252 + 1343 - (205 + 4).
-118
-2 + -1 + 11 + -18 - (-89 - -53)
26
Evaluate (6 - 4) + 28 + -29 - -16.
17
What is 303 - (297 - 8) - (-1 - (2 - 0))?
17
What is 2 + 2 - ((0 - (-12 - (12 + -25))) + 0)?
5
Calculate (215 - (409 + -207)) + -75 + 0.
-62
Evaluate (7 - 14 - (-22 - 9)) + -2 + 14.
36
What is -8 - (15 - (-38 + 15)) - -16?
-30
What is the value of -6 - (-43 + 4 + 18 + 1 + -9 - -5)?
18
Evaluate 7 + 0 + 46 - (17 + -3).
39
Calculate -21 + 2 + (-49 + 31 - -19).
-18
-26 - ((52 - 24) + -2 + -7)
-45
-124 + 12 + -17 - ((18 + -12 - 0) + -11)
-124
What is the value of -5 - ((5 - 55) + (-5 - -5))?
45
Evaluate (83 + -49 - (-1 - 0)) + 8 + (2 - 2).
43
(-5 - -6 - -19) + 254 + -270
4
Calculate 3 - 42 - (225 + -252) - -14.
2
What is 0 - 3 - (0 + (-3 - -16)) - -7?
-9
Evaluate 21 + -5 - (-76 + (-3 - (-1 - 13))).
81
What is (16 - (17 - 0 - 18)) + (-79 - -2)?
-60
What is the value of (-90 - (1 + 0)) + -144 + 179 + -28?
-84
Calculate (1 + 1 - -1) + (34 - 39) + -26 + 24.
-4
What is the value of -8 + (0 - (31 - 16 - (-2 - -44)))?
19
What is the value of (-46 - 8) + 46 + 30?
22
What is the value of -67 - (-105 - -43 - -44)?
-49
85 - (15 + -2 - -30)
42
16 + (-7 - -23) + -34 + 54
52
What is -2 + -53 - (-19 + 12 + -32 + 12 + 23)?
-51
-105 - ((4 - 22) + -23)
-64
Evaluate -2 - -6 - 0 - (-71 + 64 + (0 - -2)).
9
Calculate -9 + (6 - (4 + 0)) + 44 + -55.
-18
What is the value of -6 + (-26 + -1 + -12 - (-37 + 12))?
-20
(-15 - -7 - 39) + 81
34
11 + -20 + -7 + 12 - -5 - -15
16
Calculate (2 - (-4 - -15)) + (-22 - (19 - 20 - 103)).
73
What is (1 - -9) + (-64 + 42 - -28 - 20) - -69?
65
What is -19 - -7 - (19 + -6) - -22?
-3
What is the value of 38 - (-4 - -28) - 15 - (7 + -2)?
-6
-2 + -28 + (5 - 19 - (-19 + 4))
-29
Evaluate -8 + -3 + 31 + 17.
37
What is the value of 5 - (44 - 53) - 48?
-34
What is the value of (-21 - -17 - -36) + -25 - 63?
-56
Evaluate 37 + 1 - (37 + 8 + -53).
46
Evaluate -1432 + 1427 - ((1 - 0) + -38 + 4).
28
Calculate 11 - (6 + -1) - (-39 + (88 - -35)).
-78
Evaluate -589 - -470 - (-2 - (2 + 23)).
-92
0 + -31 - (229 + -155 + -44)
-61
Evaluate 1 - ((-25 - 1) + 10) - (42 + -29).
4
4 - ((-3 - (9 + 5 - 8)) + 16) - -7
4
What is 3 + (-11 - -12) + -4 + 12 + (12 - 3)?
21
Evaluate (-7 - (-32 + 1 - -13)) + 42.
53
What is the value of -29 - -70 - 29 - 8?
4
Calculate (482 - 484) + (1 - 3 - -15) - 132.
-121
-8 + 40 - (-83 - -99) - 94
-78
What is the value of 18 + 31 + -30 + 23 - 13?
29
What is the value of (-82 - -124) + 8 + -15?
35
What is the value of ((-6 - -1) + -75 + 63 - -7) + -14?
-24
-25 + 28 + (-7 - 7) + 16
5
Calculate (-68 - -2) + 